{"id":542,"date":"2018-07-22T18:05:05","date_gmt":"2018-07-22T16:05:05","guid":{"rendered":"http:\/\/almanachnaturo.fr\/?page_id=542"},"modified":"2025-04-24T12:26:44","modified_gmt":"2025-04-24T10:26:44","slug":"mentions-legales","status":"publish","type":"page","link":"https:\/\/almanachnaturo.fr\/?page_id=542","title":{"rendered":"Politique de confidentialit\u00e9"},"content":{"rendered":"<p>Conform\u00e9ment au R\u00e8glement G\u00e9n\u00e9ral sur la Protection des Donn\u00e9es (General Data Protection R\u00e9gulation) adopt\u00e9 par le Parlement europ\u00e9en le 14 avril 2016 et \u00e0 la Loi Informatique et Libert\u00e9s du 6 janvier 1978 modifi\u00e9e, nous vous informons des points suivants concernant la politique de confidentialit\u00e9.<\/p>\n<div>\n<p>Conscient de la valeur de vos donn\u00e9es personnelles et des risques que peuvent repr\u00e9senter la perte, la modification ou l\u2019alt\u00e9ration de ces derni\u00e8res, nous mettons en \u0153uvre tous les moyens pour les respecter et les s\u00e9curiser en vue notamment de les prot\u00e9ger contre toute perte, destruction accidentelle, alt\u00e9ration, et acc\u00e8s non autoris\u00e9s. Une grande vigilance et un grand soin est mis en \u0153uvre \u00a0avec tous les moyens ad\u00e9quats de s\u00e9curit\u00e9, notamment d\u2019h\u00e9bergement, d\u2019acc\u00e8s et de confidentialit\u00e9.<\/p>\n<\/div>\n<div>\n<p>Notez que cette politique de protection des donn\u00e9es personnelles peut \u00eatre amen\u00e9e \u00e0 \u00e9voluer.<\/p>\n<\/div>\n<div>\n<p><b>Donn\u00e9es personnelles<\/b><\/p>\n<p>De mani\u00e8re g\u00e9n\u00e9rale, vous n\u2019\u00eates pas tenu de communiquer vos donn\u00e9es personnelles lorsque vous visitez notre site Internet <a href=\"https:\/\/www.almanachnaturo.fr\/\">www.almanachnaturo.fr<\/a>.<\/p>\n<\/div>\n<div>\n<div>\n<p><b>Quelles donn\u00e9es sont recueillies\u00a0?<\/b><\/p>\n<\/div>\n<div>\n<p>Des informations personnelles vous concernant peuvent \u00eatre recueillies et enregistr\u00e9es par AlmanachNaturo &#8211; F. Farina comme le nom, pr\u00e9nom, adresse mail, et adresse postale lors d\u2019une demande de contact, d\u2019abonnement \u00e0 sa newsletter, ou encore dans le cadre de la facturation d\u2019un service. Des informations \u00e0 caract\u00e8re personnel peuvent \u00e9galement \u00eatre transmises lors d\u2019\u00e9changes par t\u00e9l\u00e9phone, mails, par les r\u00e9seaux sociaux, ou encore lors d\u2019ateliers ou de rendez-vous en naturopathie ou lors de prestations de massage bien-\u00eatre.<\/p>\n<\/div>\n<div>\n<p>Nous pouvons collecter de mani\u00e8re automatique certaines informations vous concernant lors d\u2019une simple navigation sur notre site Internet, notamment : des informations concernant l\u2019utilisation de notre site, comme les zones que vous visitez et les services auxquels vous acc\u00e9dez, votre adresse IP, le type de votre navigateur, vos temps d\u2019acc\u00e8s. De telles informations sont utilis\u00e9es exclusivement \u00e0 des fins de statistiques internes, de mani\u00e8re \u00e0 am\u00e9liorer la qualit\u00e9 des services qui vous sont propos\u00e9s. Les bases de donn\u00e9es sont prot\u00e9g\u00e9es par les dispositions de la loi du 1er juillet 1998 transposant la directive 96\/9 du 11 mars 1996 relative \u00e0 la protection juridique des bases de donn\u00e9es.<\/p>\n<p>Les articles de ce site peuvent inclure des contenus int\u00e9gr\u00e9s (par exemple des vid\u00e9os, images, articles\u2026). Le contenu int\u00e9gr\u00e9 depuis d\u2019autres sites se comporte de la m\u00eame mani\u00e8re que si le visiteur se rendait sur cet autre site.<\/p>\n<\/div>\n<\/div>\n<div>\n<p><strong>Finalit\u00e9 du traitement des donn\u00e9es<\/strong><\/p>\n<\/div>\n<div>\n<p>Ces informations permettent de vous fournir les informations ou les services que vous avez demand\u00e9s et\/ou aux fins de recueillir des informations pour l\u2019am\u00e9lioration de nos sites notamment via le biais de cookies. Nous utilisons vos donn\u00e9es pour les seules finalit\u00e9s que vous aurez choisies ou qui sont n\u00e9cessaires \u00e0 votre navigation et aux services propos\u00e9s.<\/p>\n<\/div>\n<p><strong>Confidentialit\u00e9<\/strong><\/p>\n<p style=\"font-weight: 400;\">Toutes les mesures n\u00e9cessaires sont prises pour pr\u00e9server la s\u00e9curit\u00e9 et la confidentialit\u00e9 des donn\u00e9es.<\/p>\n<p>Les donn\u00e9es personnelles collect\u00e9es vous concernant sont uniquement utilis\u00e9es dans le cadre des services et conseils dispens\u00e9es. En aucun cas, les donn\u00e9es personnelles ne seront transmises, lou\u00e9es ou commercialis\u00e9es \u00e0 des tiers. Exception faite en cas d\u2019un motif d\u2019ordre l\u00e9gal, aupr\u00e8s des autorit\u00e9s pour leurs missions d\u00e9finies par la loi.<\/p>\n<p style=\"font-weight: 400;\">Cependant, les donn\u00e9es collect\u00e9es pourront \u00e9ventuellement \u00eatre communiqu\u00e9es \u00e0 des sous-traitants charg\u00e9s de l\u2019ex\u00e9cution de votre demande ou des t\u00e2ches n\u00e9cessaires au bon fonctionnement du site et de ses services, sans que vous ayez besoin de donner votre autorisation. Les sous-traitants n\u2019ont qu\u2019un acc\u00e8s limit\u00e9 \u00e0 vos donn\u00e9es et ont une obligation contractuelle de les utiliser en conformit\u00e9 avec les dispositions de la l\u00e9gislation applicable en mati\u00e8re de protection des donn\u00e9es personnelles.<\/p>\n<p>Des sous-traitants sont aussi employ\u00e9s pour certains services comme :<br \/>\n-Envoi de Newsletter (Brevo)<br \/>\n-Liens de paiement<br \/>\n-Formulaires d&rsquo;inscription (Eval&amp;Go)<br \/>\n-Liens d&rsquo;affiliations (Roll on jade, Amazon&#8230;)<\/p>\n<p style=\"font-weight: 400;\">Les sous-traitants s\u2019engagent \u00e9galement \u00e0 respecter la s\u00e9curit\u00e9 et la confidentialit\u00e9 des donn\u00e9es.<\/p>\n<p style=\"font-weight: 400;\"><strong>R\u00e9seaux sociaux<\/strong><\/p>\n<p style=\"font-weight: 400;\">Nous avons des comptes aupr\u00e8s de plusieurs r\u00e9seaux sociaux et plateformes dont Pinterest, Telegram, Instagram, canva et Vimeo. L\u2019utilisateur peut y acc\u00e9der conform\u00e9ment aux CGU et \u00e0 la politique de donn\u00e9es personnelles applicables \u00e0 chacun d\u2019eux, apr\u00e8s en avoir lui-m\u00eame pris connaissance. Ces r\u00e9seaux sociaux peuvent aussi d\u00e9poser des cookies.<br \/>\n<strong><br \/>\nTransferts internationaux de donn\u00e9es<\/strong><\/p>\n<p>Nous utilisons les services de Telegram, Pinterest, Vim\u00e9o, canva, Bitly, notamment pour communiquer ou animer des groupes, Amazon pour des liens d&rsquo;affiliations me g\u00e9n\u00e9rant des revenus. \u00a0Vos donn\u00e9es peuvent \u00eatre trait\u00e9es sur des serveurs situ\u00e9es en dehors de l&rsquo;UE\/EEE, aux \u00c9tats Unis par exemple. En utilisant nos services vous consentez \u00e0 ce transfert de donn\u00e9es.<br \/>\nNous vous invitons pour plus d&rsquo;informations de consulter la Politique de confidentialit\u00e9 de Telegram, \u00a0la politique de confidentialit\u00e9 de Pinterest et des autres services mentionn\u00e9s.<\/p>\n<p><strong>Dur\u00e9e du traitement<\/strong><\/p>\n<p style=\"font-weight: 400;\">Vos donn\u00e9es ne sont conserv\u00e9es que pour la dur\u00e9e n\u00e9cessaire aux op\u00e9rations pour lesquelles elles ont \u00e9t\u00e9 collect\u00e9es ainsi que dans le respect de la r\u00e9glementation en vigueur.<\/p>\n<p>Si vous laissez un commentaire, ce dernier ainsi que ses m\u00e9tadonn\u00e9es sont conserv\u00e9s ind\u00e9finiment. Cela permet de reconna\u00eetre et approuver automatiquement les commentaires suivants au lieu de les laisser dans la file de mod\u00e9ration.<\/p>\n<p style=\"font-weight: 400;\">A cet \u00e9gard, les donn\u00e9es des utilisateurs du site et des clients sont conserv\u00e9es pendant 24 mois. En mati\u00e8re de comptabilit\u00e9, elles sont conserv\u00e9es 10 ans \u00e0 compter de la cl\u00f4ture de l\u2019exercice comptable. Pour nos newsletters, les donn\u00e9es seront stock\u00e9es jusqu\u2019\u00e0 votre d\u00e9sinscription hormis pour les comptes inactifs durant plus de 24 mois qui seront effac\u00e9s.<\/p>\n<p>Les cookies sont d\u00e9sactiv\u00e9s automatiquement 13 mois au plus tard apr\u00e8s leur activation, ou plus t\u00f4t si vous d\u00e9cidez de les effacer de vos terminaux.<\/p>\n<p><b>A quoi servent les cookies sur notre site et quand votre consentement est-il n\u00e9cessaire ?<\/b><\/p>\n<p>Votre navigation sur le site <a href=\"https:\/\/almanachnaturo.fr\" target=\"_blank\" rel=\"noopener\">https:\/\/almanachnaturo.fr<\/a> peut donner lieu \u00e0 l\u2019utilisation de \u00ab\u00a0Cookies\u00a0\u00bb, si vous poursuivez la navigation sans modifier le param\u00e9trage de votre navigateur.<\/p>\n<p>Votre navigateur Internet a une fonction appel\u00e9e \u00ab\u00a0cookies\u00a0\u00bb, qui enregistre un fichier texte sur votre ordinateur lorsque vous visitez notre site. Un cookie seul ne donne aucune information sur vous. C\u2019est un enregistrement d\u2019informations relatives \u00e0 la navigation de votre ordinateur sur notre site (les pages que vous avez consult\u00e9es, la date et l\u2019heure de la consultation, etc.). La dur\u00e9e de conservation de ces informations dans votre ordinateur correspond au temps pass\u00e9 sur notre site. Les cookies ne sont pas conserv\u00e9s post\u00e9rieurement \u00e0 la fermeture de votre session. L\u2019activation de cette fonction n\u2019est pas n\u00e9cessaire pour visiter notre site. En revanche, l\u2019acc\u00e8s \u00e0 certains services et notamment \u00e0 tous les services n\u00e9cessitant une authentification (tels que l\u2019interface d\u2019administration et de gestion de vos noms de domaine, ou de votre compte utilisateur) requiert l\u2019emploi de tels \u00ab cookies de session \u00bb pour fonctionner. Ainsi, si vous n\u2019activez pas cette fonction, nos services n\u00e9cessitant une identification pourront ne pas fonctionner correctement.<\/p>\n<p>La soci\u00e9t\u00e9 Almanach Naturo est amen\u00e9e \u00e0 utiliser deux types de Cookies :<\/p>\n<ul>\n<li>Les Cookies de session ou de pr\u00e9f\u00e9rences qui sont indispensables \u00e0 la navigation et au bon fonctionnement du site<\/li>\n<li>Les Cookies de mesure d\u2019audience qui permettent de suivre votre navigation sur le site \u00e0 des fins statistiques et pour permettre \u00e0 Almanach Naturo de mieux connaitre son audience pour am\u00e9liorer son service.<\/li>\n<\/ul>\n<p>Si vous refusez l\u2019utilisation de certains cookies, vous pouvez les refuser dans le bandeau qui s&rsquo;affiche dans la partie inf\u00e9rieure du site. Mais, nous rappelons que dans ce cas, il se peut que vous ne puissiez pas profiter pleinement d\u2019une partie significative des fonctions du site <a href=\"https:\/\/almanachnaturo.fr\">https:\/\/almanachnaturo.fr<\/a><\/p>\n<p style=\"font-weight: 400;\"><strong>Quels sont vos droits ?<\/strong><\/p>\n<p>Un droit d\u2019acc\u00e8s : vous disposez d\u2019un droit d\u2019acc\u00e8s aux donn\u00e9es \u00e0 caract\u00e8re personnel vous concernant en \u00e9crivant \u00e0 <a href=\"mailto:flo@almanachnaturo.fr\" target=\"_blank\" rel=\"noopener\">flo@almanachnaturo.fr<\/a>.<\/p>\n<p>Un droit de rectification et de suppression : vous pouvez demander \u00e0 ce que vos donn\u00e9es soient rectifi\u00e9es, mises \u00e0 jour ou supprim\u00e9es si elles sont inexactes, incompl\u00e8tes ou p\u00e9rim\u00e9es.<\/p>\n<p>Un droit d\u2019opposition : vous pouvez vous opposer \u00e0 ce que vos donn\u00e9es fassent l\u2019objet d\u2019un traitement. Cette opposition peut toutefois nous mettre dans l\u2019impossibilit\u00e9 de vous fournir le produit ou le service souscrit pour certaines donn\u00e9es qui s\u2019av\u00e8reraient indispensables.<\/p>\n<p>Droit \u00e0 la portabilit\u00e9 : vous b\u00e9n\u00e9ficiez d\u2019un droit \u00e0 la portabilit\u00e9 sur vos donn\u00e9es brutes. Ce droit vous permet de r\u00e9cup\u00e9rer ces derni\u00e8res, sous un format ouvert et lisible, pour votre usage personnel. Il permet \u00e9galement de nous demander leur transfert vers un autre organisme \u2013 si ce transfert est techniquement possible.<\/p>\n<p>Droit \u00e0 la mort num\u00e9rique : vous pouvez d\u00e9finir des directives post-mortem relatives au sort de vos donn\u00e9es \u00e0 caract\u00e8re personnel.<\/p>\n<p>Vous pouvez exercer vos diff\u00e9rents droits, en nous contactant par mail \u00e0 l\u2019adresse suivante\u00a0: <a href=\"mailto:flo@almanachnaturo.fr\" target=\"_blank\" rel=\"noopener\">flo@almanachnaturo.fr<\/a>. et en d\u00e9taillant votre requ\u00eate, en justifiant de votre identit\u00e9.<\/p>\n<p>Enfin, en l\u2019absence de r\u00e9ponse dans un d\u00e9lai d\u2019un mois, vous pouvez saisir l\u2019Autorit\u00e9 de contr\u00f4le (CNIL) \u00e0 travers le site <a href=\"https:\/\/www.cnil.fr\" target=\"_blank\" rel=\"noopener\">www.cnil.fr<\/a>.<\/p>\n<p><b>Vos obligations de s\u00e9curit\u00e9<\/b><\/p>\n<p>Vos donn\u00e9es circulant sur le web ne sont pas n\u00e9cessairement prot\u00e9g\u00e9es contre les d\u00e9tournements \u00e9ventuels. Il vous est d\u00e8s lors recommand\u00e9 de prendre toutes les mesures appropri\u00e9es de fa\u00e7on \u00e0 prot\u00e9ger vos propres donn\u00e9es de la contamination par d\u2019\u00e9ventuels virus.<\/p>\n<p><strong>Cette politique de protection des donn\u00e9es personnelles peut \u00eatre amen\u00e9e \u00e0 \u00e9voluer. La pr\u00e9sente version a \u00e9t\u00e9 mise \u00e0 jour le 24 juin 2024. <\/strong>Retrouvez la derni\u00e8re version mise \u00e0 jour en r\u00e9activant l\u2019acc\u00e8s \u00e0 cette page.<\/p>\n<p><b>Mentions l\u00e9gales <\/b><\/p>\n<p>Vous pouvez consulter les mentions l\u00e9gales du site <a href=\"https:\/\/almanachnaturo.fr\/?page_id=1787\" target=\"_blank\" rel=\"noopener\">ici<\/a>.<\/p>\n<p><a href=\"https:\/\/almanachnaturo.fr\/?page_id=1891\"><strong>Les CGV<\/strong> -conditions g\u00e9n\u00e9rales de ventes ici<\/a><\/p>\n","protected":false},"excerpt":{"rendered":"<p>Conform\u00e9ment au R\u00e8glement G\u00e9n\u00e9ral sur la Protection des Donn\u00e9es (General Data Protection R\u00e9gulation) adopt\u00e9 par le Parlement europ\u00e9en le 14&hellip; <\/p>\n","protected":false},"author":4,"featured_media":0,"parent":0,"menu_order":20,"comment_status":"closed","ping_status":"closed","template":"","meta":{"footnotes":""},"class_list":["post-542","page","type-page","status-publish","hentry"],"yoast_head":"<!-- This site is optimized with the Yoast SEO plugin v27.3 - https:\/\/yoast.com\/product\/yoast-seo-wordpress\/ -->\n<title>Politique de confidentialit\u00e9 - ALMANACH NATURO<\/title>\n<meta name=\"robots\" content=\"index, follow, max-snippet:-1, max-image-preview:large, max-video-preview:-1\" \/>\n<link rel=\"canonical\" href=\"https:\/\/almanachnaturo.fr\/?page_id=542\" \/>\n<meta property=\"og:locale\" content=\"fr_FR\" \/>\n<meta property=\"og:type\" content=\"article\" \/>\n<meta property=\"og:title\" content=\"Politique de confidentialit\u00e9 - ALMANACH NATURO\" \/>\n<meta property=\"og:description\" content=\"Conform\u00e9ment au R\u00e8glement G\u00e9n\u00e9ral sur la Protection des Donn\u00e9es (General Data Protection R\u00e9gulation) adopt\u00e9 par le Parlement europ\u00e9en le 14&hellip;\" \/>\n<meta property=\"og:url\" content=\"https:\/\/almanachnaturo.fr\/?page_id=542\" \/>\n<meta property=\"og:site_name\" content=\"ALMANACH NATURO\" \/>\n<meta property=\"article:modified_time\" content=\"2025-04-24T10:26:44+00:00\" \/>\n<meta name=\"twitter:card\" content=\"summary_large_image\" \/>\n<meta name=\"twitter:label1\" content=\"Dur\u00e9e de lecture estim\u00e9e\" \/>\n\t<meta name=\"twitter:data1\" content=\"8 minutes\" \/>\n<script type=\"application\/ld+json\" class=\"yoast-schema-graph\">{\"@context\":\"https:\\\/\\\/schema.org\",\"@graph\":[{\"@type\":\"WebPage\",\"@id\":\"https:\\\/\\\/almanachnaturo.fr\\\/?page_id=542\",\"url\":\"https:\\\/\\\/almanachnaturo.fr\\\/?page_id=542\",\"name\":\"Politique de confidentialit\u00e9 - ALMANACH NATURO\",\"isPartOf\":{\"@id\":\"https:\\\/\\\/almanachnaturo.fr\\\/#website\"},\"datePublished\":\"2018-07-22T16:05:05+00:00\",\"dateModified\":\"2025-04-24T10:26:44+00:00\",\"breadcrumb\":{\"@id\":\"https:\\\/\\\/almanachnaturo.fr\\\/?page_id=542#breadcrumb\"},\"inLanguage\":\"fr-FR\",\"potentialAction\":[{\"@type\":\"ReadAction\",\"target\":[\"https:\\\/\\\/almanachnaturo.fr\\\/?page_id=542\"]}]},{\"@type\":\"BreadcrumbList\",\"@id\":\"https:\\\/\\\/almanachnaturo.fr\\\/?page_id=542#breadcrumb\",\"itemListElement\":[{\"@type\":\"ListItem\",\"position\":1,\"name\":\"Accueil\",\"item\":\"https:\\\/\\\/almanachnaturo.fr\\\/\"},{\"@type\":\"ListItem\",\"position\":2,\"name\":\"Politique de confidentialit\u00e9\"}]},{\"@type\":\"WebSite\",\"@id\":\"https:\\\/\\\/almanachnaturo.fr\\\/#website\",\"url\":\"https:\\\/\\\/almanachnaturo.fr\\\/\",\"name\":\"ALMANACH NATURO\",\"description\":\"soin de soi jour apr\u00e8s jour\",\"publisher\":{\"@id\":\"https:\\\/\\\/almanachnaturo.fr\\\/#organization\"},\"potentialAction\":[{\"@type\":\"SearchAction\",\"target\":{\"@type\":\"EntryPoint\",\"urlTemplate\":\"https:\\\/\\\/almanachnaturo.fr\\\/?s={search_term_string}\"},\"query-input\":{\"@type\":\"PropertyValueSpecification\",\"valueRequired\":true,\"valueName\":\"search_term_string\"}}],\"inLanguage\":\"fr-FR\"},{\"@type\":\"Organization\",\"@id\":\"https:\\\/\\\/almanachnaturo.fr\\\/#organization\",\"name\":\"ALMANACH NATURO\",\"url\":\"https:\\\/\\\/almanachnaturo.fr\\\/\",\"logo\":{\"@type\":\"ImageObject\",\"inLanguage\":\"fr-FR\",\"@id\":\"https:\\\/\\\/almanachnaturo.fr\\\/#\\\/schema\\\/logo\\\/image\\\/\",\"url\":\"https:\\\/\\\/almanachnaturo.fr\\\/wp-content\\\/uploads\\\/2021\\\/04\\\/cropped-cropped-plante-medicinaleshutterstock_568117453-copie-2-1-scaled-1.jpg\",\"contentUrl\":\"https:\\\/\\\/almanachnaturo.fr\\\/wp-content\\\/uploads\\\/2021\\\/04\\\/cropped-cropped-plante-medicinaleshutterstock_568117453-copie-2-1-scaled-1.jpg\",\"width\":2500,\"height\":751,\"caption\":\"ALMANACH NATURO\"},\"image\":{\"@id\":\"https:\\\/\\\/almanachnaturo.fr\\\/#\\\/schema\\\/logo\\\/image\\\/\"}}]}<\/script>\n<!-- \/ Yoast SEO plugin. -->","yoast_head_json":{"title":"Politique de confidentialit\u00e9 - ALMANACH NATURO","robots":{"index":"index","follow":"follow","max-snippet":"max-snippet:-1","max-image-preview":"max-image-preview:large","max-video-preview":"max-video-preview:-1"},"canonical":"https:\/\/almanachnaturo.fr\/?page_id=542","og_locale":"fr_FR","og_type":"article","og_title":"Politique de confidentialit\u00e9 - ALMANACH NATURO","og_description":"Conform\u00e9ment au R\u00e8glement G\u00e9n\u00e9ral sur la Protection des Donn\u00e9es (General Data Protection R\u00e9gulation) adopt\u00e9 par le Parlement europ\u00e9en le 14&hellip;","og_url":"https:\/\/almanachnaturo.fr\/?page_id=542","og_site_name":"ALMANACH NATURO","article_modified_time":"2025-04-24T10:26:44+00:00","twitter_card":"summary_large_image","twitter_misc":{"Dur\u00e9e de lecture estim\u00e9e":"8 minutes"},"schema":{"@context":"https:\/\/schema.org","@graph":[{"@type":"WebPage","@id":"https:\/\/almanachnaturo.fr\/?page_id=542","url":"https:\/\/almanachnaturo.fr\/?page_id=542","name":"Politique de confidentialit\u00e9 - ALMANACH NATURO","isPartOf":{"@id":"https:\/\/almanachnaturo.fr\/#website"},"datePublished":"2018-07-22T16:05:05+00:00","dateModified":"2025-04-24T10:26:44+00:00","breadcrumb":{"@id":"https:\/\/almanachnaturo.fr\/?page_id=542#breadcrumb"},"inLanguage":"fr-FR","potentialAction":[{"@type":"ReadAction","target":["https:\/\/almanachnaturo.fr\/?page_id=542"]}]},{"@type":"BreadcrumbList","@id":"https:\/\/almanachnaturo.fr\/?page_id=542#breadcrumb","itemListElement":[{"@type":"ListItem","position":1,"name":"Accueil","item":"https:\/\/almanachnaturo.fr\/"},{"@type":"ListItem","position":2,"name":"Politique de confidentialit\u00e9"}]},{"@type":"WebSite","@id":"https:\/\/almanachnaturo.fr\/#website","url":"https:\/\/almanachnaturo.fr\/","name":"ALMANACH NATURO","description":"soin de soi jour apr\u00e8s jour","publisher":{"@id":"https:\/\/almanachnaturo.fr\/#organization"},"potentialAction":[{"@type":"SearchAction","target":{"@type":"EntryPoint","urlTemplate":"https:\/\/almanachnaturo.fr\/?s={search_term_string}"},"query-input":{"@type":"PropertyValueSpecification","valueRequired":true,"valueName":"search_term_string"}}],"inLanguage":"fr-FR"},{"@type":"Organization","@id":"https:\/\/almanachnaturo.fr\/#organization","name":"ALMANACH NATURO","url":"https:\/\/almanachnaturo.fr\/","logo":{"@type":"ImageObject","inLanguage":"fr-FR","@id":"https:\/\/almanachnaturo.fr\/#\/schema\/logo\/image\/","url":"https:\/\/almanachnaturo.fr\/wp-content\/uploads\/2021\/04\/cropped-cropped-plante-medicinaleshutterstock_568117453-copie-2-1-scaled-1.jpg","contentUrl":"https:\/\/almanachnaturo.fr\/wp-content\/uploads\/2021\/04\/cropped-cropped-plante-medicinaleshutterstock_568117453-copie-2-1-scaled-1.jpg","width":2500,"height":751,"caption":"ALMANACH NATURO"},"image":{"@id":"https:\/\/almanachnaturo.fr\/#\/schema\/logo\/image\/"}}]}},"_links":{"self":[{"href":"https:\/\/almanachnaturo.fr\/index.php?rest_route=\/wp\/v2\/pages\/542","targetHints":{"allow":["GET"]}}],"collection":[{"href":"https:\/\/almanachnaturo.fr\/index.php?rest_route=\/wp\/v2\/pages"}],"about":[{"href":"https:\/\/almanachnaturo.fr\/index.php?rest_route=\/wp\/v2\/types\/page"}],"author":[{"embeddable":true,"href":"https:\/\/almanachnaturo.fr\/index.php?rest_route=\/wp\/v2\/users\/4"}],"replies":[{"embeddable":true,"href":"https:\/\/almanachnaturo.fr\/index.php?rest_route=%2Fwp%2Fv2%2Fcomments&post=542"}],"version-history":[{"count":15,"href":"https:\/\/almanachnaturo.fr\/index.php?rest_route=\/wp\/v2\/pages\/542\/revisions"}],"predecessor-version":[{"id":4103,"href":"https:\/\/almanachnaturo.fr\/index.php?rest_route=\/wp\/v2\/pages\/542\/revisions\/4103"}],"wp:attachment":[{"href":"https:\/\/almanachnaturo.fr\/index.php?rest_route=%2Fwp%2Fv2%2Fmedia&parent=542"}],"curies":[{"name":"wp","href":"https:\/\/api.w.org\/{rel}","templated":true}]}}